{"id":2018,"date":"2022-11-03T18:09:12","date_gmt":"2022-11-03T18:09:12","guid":{"rendered":"https:\/\/salsa.es\/organigrama\/alberto-parra-ruinervo\/"},"modified":"2023-01-03T14:10:53","modified_gmt":"2023-01-03T14:10:53","slug":"alberto-parra-ruinervo","status":"publish","type":"organigrama","link":"https:\/\/salsa.es\/en\/organisation-chart\/alberto-parra-ruinervo\/","title":{"rendered":"Alberto Parra Ruinervo"},"content":{"rendered":"\n<h2 class=\"wp-block-heading\">Advisory board member<\/h2>\n\n<ul class=\"wp-block-list\"><li><strong>Languages<br\/><\/strong> Spanish and english<br\/><br\/><\/li><li><strong>Academic education<br\/><\/strong> Telelecommunications Engineering studies Universidad Polit\u00e9cnica de Madrid. Senior Management Program I.I. San Telmo. M\u00e1laga.<br\/><br\/><\/li><li><strong>Professional career<br\/><\/strong>\u00b7 AGENUR founding member, company specialized in the development of Shopping Centers.<br\/>\u00b7 Founder and member management board in la Asociaci\u00f3n de J\u00f3venes Empresarios de M\u00e1laga.<br\/>\u00b7 Foro del Mediterr\u00e1neo founding partner.<br\/>\u00b7 Expansion and Development Director in Sociedad Azucarera Larios.<br\/>\u00b7 GESED founding member, company specialized in the rehabilitation of singular buildings.<\/li><\/ul>\n","protected":false},"featured_media":1784,"template":"","tipo":[12],"class_list":["post-2018","organigrama","type-organigrama","status-publish","has-post-thumbnail","hentry","tipo-consejero"],"acf":[],"yoast_head":"<!-- This site is optimized with the Yoast SEO plugin v26.7 - https:\/\/yoast.com\/wordpress\/plugins\/seo\/ -->\n<title>Alberto Parra Ruinervo - Grupo Salsa<\/title>\n<meta name=\"robots\" content=\"index, follow, max-snippet:-1, max-image-preview:large, max-video-preview:-1\" \/>\n<link rel=\"canonical\" href=\"https:\/\/salsa.es\/en\/organisation-chart\/alberto-parra-ruinervo\/\" \/>\n<meta property=\"og:locale\" content=\"en_US\" \/>\n<meta property=\"og:type\" content=\"article\" \/>\n<meta property=\"og:title\" content=\"Alberto Parra Ruinervo - Grupo Salsa\" \/>\n<meta property=\"og:description\" content=\"Advisory board member Languages Spanish and english Academic education Telelecommunications Engineering studies Universidad Polit\u00e9cnica de Madrid. Senior Management Program I.I. San Telmo. M\u00e1laga. Professional career\u00b7 AGENUR founding member, company specialized in the development of Shopping Centers.\u00b7 Founder and member management board in la Asociaci\u00f3n de J\u00f3venes Empresarios de M\u00e1laga.\u00b7 Foro del Mediterr\u00e1neo founding partner.\u00b7 Expansion [&hellip;]\" \/>\n<meta property=\"og:url\" content=\"https:\/\/salsa.es\/en\/organisation-chart\/alberto-parra-ruinervo\/\" \/>\n<meta property=\"og:site_name\" content=\"Grupo Salsa\" \/>\n<meta property=\"article:modified_time\" content=\"2023-01-03T14:10:53+00:00\" \/>\n<meta property=\"og:image\" content=\"https:\/\/salsa.es\/wp-content\/uploads\/2022\/11\/Consej-Asesor-Alberto-Parra-mini.jpg\" \/>\n\t<meta property=\"og:image:width\" content=\"1000\" \/>\n\t<meta property=\"og:image:height\" content=\"801\" \/>\n\t<meta property=\"og:image:type\" content=\"image\/jpeg\" \/>\n<meta name=\"twitter:card\" content=\"summary_large_image\" \/>\n<script type=\"application\/ld+json\" class=\"yoast-schema-graph\">{\"@context\":\"https:\/\/schema.org\",\"@graph\":[{\"@type\":\"WebPage\",\"@id\":\"https:\/\/salsa.es\/en\/organisation-chart\/alberto-parra-ruinervo\/\",\"url\":\"https:\/\/salsa.es\/en\/organisation-chart\/alberto-parra-ruinervo\/\",\"name\":\"Alberto Parra Ruinervo - Grupo Salsa\",\"isPartOf\":{\"@id\":\"https:\/\/salsa.es\/en\/#website\"},\"primaryImageOfPage\":{\"@id\":\"https:\/\/salsa.es\/en\/organisation-chart\/alberto-parra-ruinervo\/#primaryimage\"},\"image\":{\"@id\":\"https:\/\/salsa.es\/en\/organisation-chart\/alberto-parra-ruinervo\/#primaryimage\"},\"thumbnailUrl\":\"https:\/\/salsa.es\/wp-content\/uploads\/2022\/11\/Consej-Asesor-Alberto-Parra-mini.jpg\",\"datePublished\":\"2022-11-03T18:09:12+00:00\",\"dateModified\":\"2023-01-03T14:10:53+00:00\",\"breadcrumb\":{\"@id\":\"https:\/\/salsa.es\/en\/organisation-chart\/alberto-parra-ruinervo\/#breadcrumb\"},\"inLanguage\":\"en-US\",\"potentialAction\":[{\"@type\":\"ReadAction\",\"target\":[\"https:\/\/salsa.es\/en\/organisation-chart\/alberto-parra-ruinervo\/\"]}]},{\"@type\":\"ImageObject\",\"inLanguage\":\"en-US\",\"@id\":\"https:\/\/salsa.es\/en\/organisation-chart\/alberto-parra-ruinervo\/#primaryimage\",\"url\":\"https:\/\/salsa.es\/wp-content\/uploads\/2022\/11\/Consej-Asesor-Alberto-Parra-mini.jpg\",\"contentUrl\":\"https:\/\/salsa.es\/wp-content\/uploads\/2022\/11\/Consej-Asesor-Alberto-Parra-mini.jpg\",\"width\":1000,\"height\":801},{\"@type\":\"BreadcrumbList\",\"@id\":\"https:\/\/salsa.es\/en\/organisation-chart\/alberto-parra-ruinervo\/#breadcrumb\",\"itemListElement\":[{\"@type\":\"ListItem\",\"position\":1,\"name\":\"Home\",\"item\":\"https:\/\/salsa.es\/en\/\"},{\"@type\":\"ListItem\",\"position\":2,\"name\":\"consejero\",\"item\":\"https:\/\/salsa.es\/tipo\/consejero\/\"},{\"@type\":\"ListItem\",\"position\":3,\"name\":\"Alberto Parra Ruinervo\"}]},{\"@type\":\"WebSite\",\"@id\":\"https:\/\/salsa.es\/en\/#website\",\"url\":\"https:\/\/salsa.es\/en\/\",\"name\":\"Grupo Salsa\",\"description\":\"Holding empresarial desde 1994\",\"potentialAction\":[{\"@type\":\"SearchAction\",\"target\":{\"@type\":\"EntryPoint\",\"urlTemplate\":\"https:\/\/salsa.es\/en\/?s={search_term_string}\"},\"query-input\":{\"@type\":\"PropertyValueSpecification\",\"valueRequired\":true,\"valueName\":\"search_term_string\"}}],\"inLanguage\":\"en-US\"}]}<\/script>\n<!-- \/ Yoast SEO plugin. -->","yoast_head_json":{"title":"Alberto Parra Ruinervo - Grupo Salsa","robots":{"index":"index","follow":"follow","max-snippet":"max-snippet:-1","max-image-preview":"max-image-preview:large","max-video-preview":"max-video-preview:-1"},"canonical":"https:\/\/salsa.es\/en\/organisation-chart\/alberto-parra-ruinervo\/","og_locale":"en_US","og_type":"article","og_title":"Alberto Parra Ruinervo - Grupo Salsa","og_description":"Advisory board member Languages Spanish and english Academic education Telelecommunications Engineering studies Universidad Polit\u00e9cnica de Madrid. Senior Management Program I.I. San Telmo. M\u00e1laga. Professional career\u00b7 AGENUR founding member, company specialized in the development of Shopping Centers.\u00b7 Founder and member management board in la Asociaci\u00f3n de J\u00f3venes Empresarios de M\u00e1laga.\u00b7 Foro del Mediterr\u00e1neo founding partner.\u00b7 Expansion [&hellip;]","og_url":"https:\/\/salsa.es\/en\/organisation-chart\/alberto-parra-ruinervo\/","og_site_name":"Grupo Salsa","article_modified_time":"2023-01-03T14:10:53+00:00","og_image":[{"width":1000,"height":801,"url":"https:\/\/salsa.es\/wp-content\/uploads\/2022\/11\/Consej-Asesor-Alberto-Parra-mini.jpg","type":"image\/jpeg"}],"twitter_card":"summary_large_image","schema":{"@context":"https:\/\/schema.org","@graph":[{"@type":"WebPage","@id":"https:\/\/salsa.es\/en\/organisation-chart\/alberto-parra-ruinervo\/","url":"https:\/\/salsa.es\/en\/organisation-chart\/alberto-parra-ruinervo\/","name":"Alberto Parra Ruinervo - Grupo Salsa","isPartOf":{"@id":"https:\/\/salsa.es\/en\/#website"},"primaryImageOfPage":{"@id":"https:\/\/salsa.es\/en\/organisation-chart\/alberto-parra-ruinervo\/#primaryimage"},"image":{"@id":"https:\/\/salsa.es\/en\/organisation-chart\/alberto-parra-ruinervo\/#primaryimage"},"thumbnailUrl":"https:\/\/salsa.es\/wp-content\/uploads\/2022\/11\/Consej-Asesor-Alberto-Parra-mini.jpg","datePublished":"2022-11-03T18:09:12+00:00","dateModified":"2023-01-03T14:10:53+00:00","breadcrumb":{"@id":"https:\/\/salsa.es\/en\/organisation-chart\/alberto-parra-ruinervo\/#breadcrumb"},"inLanguage":"en-US","potentialAction":[{"@type":"ReadAction","target":["https:\/\/salsa.es\/en\/organisation-chart\/alberto-parra-ruinervo\/"]}]},{"@type":"ImageObject","inLanguage":"en-US","@id":"https:\/\/salsa.es\/en\/organisation-chart\/alberto-parra-ruinervo\/#primaryimage","url":"https:\/\/salsa.es\/wp-content\/uploads\/2022\/11\/Consej-Asesor-Alberto-Parra-mini.jpg","contentUrl":"https:\/\/salsa.es\/wp-content\/uploads\/2022\/11\/Consej-Asesor-Alberto-Parra-mini.jpg","width":1000,"height":801},{"@type":"BreadcrumbList","@id":"https:\/\/salsa.es\/en\/organisation-chart\/alberto-parra-ruinervo\/#breadcrumb","itemListElement":[{"@type":"ListItem","position":1,"name":"Home","item":"https:\/\/salsa.es\/en\/"},{"@type":"ListItem","position":2,"name":"consejero","item":"https:\/\/salsa.es\/tipo\/consejero\/"},{"@type":"ListItem","position":3,"name":"Alberto Parra Ruinervo"}]},{"@type":"WebSite","@id":"https:\/\/salsa.es\/en\/#website","url":"https:\/\/salsa.es\/en\/","name":"Grupo Salsa","description":"Holding empresarial desde 1994","potentialAction":[{"@type":"SearchAction","target":{"@type":"EntryPoint","urlTemplate":"https:\/\/salsa.es\/en\/?s={search_term_string}"},"query-input":{"@type":"PropertyValueSpecification","valueRequired":true,"valueName":"search_term_string"}}],"inLanguage":"en-US"}]}},"_links":{"self":[{"href":"https:\/\/salsa.es\/en\/wp-json\/wp\/v2\/organigrama\/2018","targetHints":{"allow":["GET"]}}],"collection":[{"href":"https:\/\/salsa.es\/en\/wp-json\/wp\/v2\/organigrama"}],"about":[{"href":"https:\/\/salsa.es\/en\/wp-json\/wp\/v2\/types\/organigrama"}],"version-history":[{"count":1,"href":"https:\/\/salsa.es\/en\/wp-json\/wp\/v2\/organigrama\/2018\/revisions"}],"predecessor-version":[{"id":2019,"href":"https:\/\/salsa.es\/en\/wp-json\/wp\/v2\/organigrama\/2018\/revisions\/2019"}],"wp:featuredmedia":[{"embeddable":true,"href":"https:\/\/salsa.es\/en\/wp-json\/wp\/v2\/media\/1784"}],"wp:attachment":[{"href":"https:\/\/salsa.es\/en\/wp-json\/wp\/v2\/media?parent=2018"}],"wp:term":[{"taxonomy":"tipo","embeddable":true,"href":"https:\/\/salsa.es\/en\/wp-json\/wp\/v2\/tipo?post=2018"}],"curies":[{"name":"wp","href":"https:\/\/api.w.org\/{rel}","templated":true}]}}

<h2 class="wp-block-heading">Advisory board member</h2>

<ul class="wp-block-list"><li><strong>Languages<br/></strong> Spanish and english<br/><br/></li><li><strong>Academic education<br/></strong> Telelecommunications Engineering studies Universidad Politécnica de Madrid. Senior Management Program I.I. San Telmo. Málaga.<br/><br/></li><li><strong>Professional career<br/></strong>· AGENUR founding member, company specialized in the development of Shopping Centers.<br/>· Founder and member management board in la Asociación de Jóvenes Empresarios de Málaga.<br/>· Foro del Mediterráneo founding partner.<br/>· Expansion and Development Director in Sociedad Azucarera Larios.<br/>· GESED founding member, company specialized in the rehabilitation of singular buildings.</li></ul>

<!-- This site is optimized with the Yoast SEO plugin v26.7 - https://yoast.com/wordpress/plugins/seo/ -->
<title>Alberto Parra Ruinervo - Grupo Salsa</title>
<meta name="robots" content="index, follow, max-snippet:-1, max-image-preview:large, max-video-preview:-1" />
<link rel="canonical" href="https://salsa.es/en/organisation-chart/alberto-parra-ruinervo/" />
<meta property="og:locale" content="en_US" />
<meta property="og:type" content="article" />
<meta property="og:title" content="Alberto Parra Ruinervo - Grupo Salsa" />
<meta property="og:description" content="Advisory board member Languages Spanish and english Academic education Telelecommunications Engineering studies Universidad Politécnica de Madrid. Senior Management Program I.I. San Telmo. Málaga. Professional career· AGENUR founding member, company specialized in the development of Shopping Centers.· Founder and member management board in la Asociación de Jóvenes Empresarios de Málaga.· Foro del Mediterráneo founding partner.· Expansion [&hellip;]" />
<meta property="og:url" content="https://salsa.es/en/organisation-chart/alberto-parra-ruinervo/" />
<meta property="og:site_name" content="Grupo Salsa" />
<meta property="article:modified_time" content="2023-01-03T14:10:53+00:00" />
<meta property="og:image" content="https://salsa.es/wp-content/uploads/2022/11/Consej-Asesor-Alberto-Parra-mini.jpg" />
	<meta property="og:image:width" content="1000" />
	<meta property="og:image:height" content="801" />
	<meta property="og:image:type" content="image/jpeg" />
<meta name="twitter:card" content="summary_large_image" />
<script type="application/ld+json" class="yoast-schema-graph">{"@context":"https://schema.org","@graph":[{"@type":"WebPage","@id":"https://salsa.es/en/organisation-chart/alberto-parra-ruinervo/","url":"https://salsa.es/en/organisation-chart/alberto-parra-ruinervo/","name":"Alberto Parra Ruinervo - Grupo Salsa","isPartOf":{"@id":"https://salsa.es/en/#website"},"primaryImageOfPage":{"@id":"https://salsa.es/en/organisation-chart/alberto-parra-ruinervo/#primaryimage"},"image":{"@id":"https://salsa.es/en/organisation-chart/alberto-parra-ruinervo/#primaryimage"},"thumbnailUrl":"https://salsa.es/wp-content/uploads/2022/11/Consej-Asesor-Alberto-Parra-mini.jpg","datePublished":"2022-11-03T18:09:12+00:00","dateModified":"2023-01-03T14:10:53+00:00","breadcrumb":{"@id":"https://salsa.es/en/organisation-chart/alberto-parra-ruinervo/#breadcrumb"},"inLanguage":"en-US","potentialAction":[{"@type":"ReadAction","target":["https://salsa.es/en/organisation-chart/alberto-parra-ruinervo/"]}]},{"@type":"ImageObject","inLanguage":"en-US","@id":"https://salsa.es/en/organisation-chart/alberto-parra-ruinervo/#primaryimage","url":"https://salsa.es/wp-content/uploads/2022/11/Consej-Asesor-Alberto-Parra-mini.jpg","contentUrl":"https://salsa.es/wp-content/uploads/2022/11/Consej-Asesor-Alberto-Parra-mini.jpg","width":1000,"height":801},{"@type":"BreadcrumbList","@id":"https://salsa.es/en/organisation-chart/alberto-parra-ruinervo/#breadcrumb","itemListElement":[{"@type":"ListItem","position":1,"name":"Home","item":"https://salsa.es/en/"},{"@type":"ListItem","position":2,"name":"consejero","item":"https://salsa.es/tipo/consejero/"},{"@type":"ListItem","position":3,"name":"Alberto Parra Ruinervo"}]},{"@type":"WebSite","@id":"https://salsa.es/en/#website","url":"https://salsa.es/en/","name":"Grupo Salsa","description":"Holding empresarial desde 1994","potentialAction":[{"@type":"SearchAction","target":{"@type":"EntryPoint","urlTemplate":"https://salsa.es/en/?s={search_term_string}"},"query-input":{"@type":"PropertyValueSpecification","valueRequired":true,"valueName":"search_term_string"}}],"inLanguage":"en-US"}]}</script>
<!-- / Yoast SEO plugin. -->

Advisory board member Languages Spanish and english Academic education Telelecommunications Engineering studies Universidad Politécnica de Madrid. Senior Management Program I.I. San Telmo. Málaga. Professional career· AGENUR founding member, company specialized in the development of Shopping Centers.· Founder and member management board in la Asociación de Jóvenes Empresarios de Málaga.· Foro del Mediterráneo founding partner.· Expansion [&hellip;]
