{"id":2038,"date":"2022-11-03T17:59:36","date_gmt":"2022-11-03T17:59:36","guid":{"rendered":"https:\/\/salsa.es\/organigrama\/juan-angel-torres-cordoba\/"},"modified":"2023-01-03T14:53:31","modified_gmt":"2023-01-03T14:53:31","slug":"juan-angel-torres-cordoba","status":"publish","type":"organigrama","link":"https:\/\/salsa.es\/en\/organisation-chart\/juan-angel-torres-cordoba\/","title":{"rendered":"Juan \u00c1ngel Torres C\u00f3rdoba"},"content":{"rendered":"\n<h2 class=\"wp-block-heading\">Managing Director of Business<\/h2>\n\n<p>Degree in Law, University of C\u00f3rdoba. MBA Executive, San Telmo International Institute, Seville. Focused programme of Real estate business management, IESE Business School, Madrid. Advanced Course in Urban Planning, IPE, Seville.<\/p>\n","protected":false},"featured_media":2405,"template":"","tipo":[11],"class_list":["post-2038","organigrama","type-organigrama","status-publish","has-post-thumbnail","hentry","tipo-directivo"],"acf":[],"yoast_head":"<!-- This site is optimized with the Yoast SEO plugin v26.7 - https:\/\/yoast.com\/wordpress\/plugins\/seo\/ -->\n<title>Juan \u00c1ngel Torres C\u00f3rdoba - Grupo Salsa<\/title>\n<meta name=\"robots\" content=\"index, follow, max-snippet:-1, max-image-preview:large, max-video-preview:-1\" \/>\n<link rel=\"canonical\" href=\"https:\/\/salsa.es\/en\/organisation-chart\/juan-angel-torres-cordoba\/\" \/>\n<meta property=\"og:locale\" content=\"en_US\" \/>\n<meta property=\"og:type\" content=\"article\" \/>\n<meta property=\"og:title\" content=\"Juan \u00c1ngel Torres C\u00f3rdoba - Grupo Salsa\" \/>\n<meta property=\"og:description\" content=\"Managing Director of Business Degree in Law, University of C\u00f3rdoba. MBA Executive, San Telmo International Institute, Seville. Focused programme of Real estate business management, IESE Business School, Madrid. Advanced Course in Urban Planning, IPE, Seville.\" \/>\n<meta property=\"og:url\" content=\"https:\/\/salsa.es\/en\/organisation-chart\/juan-angel-torres-cordoba\/\" \/>\n<meta property=\"og:site_name\" content=\"Grupo Salsa\" \/>\n<meta property=\"article:modified_time\" content=\"2023-01-03T14:53:31+00:00\" \/>\n<meta property=\"og:image\" content=\"https:\/\/salsa.es\/wp-content\/uploads\/2022\/11\/Juan-Angel-Web_OK.jpg\" \/>\n\t<meta property=\"og:image:width\" content=\"2848\" \/>\n\t<meta property=\"og:image:height\" content=\"4272\" \/>\n\t<meta property=\"og:image:type\" content=\"image\/jpeg\" \/>\n<meta name=\"twitter:card\" content=\"summary_large_image\" \/>\n<script type=\"application\/ld+json\" class=\"yoast-schema-graph\">{\"@context\":\"https:\/\/schema.org\",\"@graph\":[{\"@type\":\"WebPage\",\"@id\":\"https:\/\/salsa.es\/en\/organisation-chart\/juan-angel-torres-cordoba\/\",\"url\":\"https:\/\/salsa.es\/en\/organisation-chart\/juan-angel-torres-cordoba\/\",\"name\":\"Juan \u00c1ngel Torres C\u00f3rdoba - Grupo Salsa\",\"isPartOf\":{\"@id\":\"https:\/\/salsa.es\/en\/#website\"},\"primaryImageOfPage\":{\"@id\":\"https:\/\/salsa.es\/en\/organisation-chart\/juan-angel-torres-cordoba\/#primaryimage\"},\"image\":{\"@id\":\"https:\/\/salsa.es\/en\/organisation-chart\/juan-angel-torres-cordoba\/#primaryimage\"},\"thumbnailUrl\":\"https:\/\/salsa.es\/wp-content\/uploads\/2022\/11\/Juan-Angel-Web_OK.jpg\",\"datePublished\":\"2022-11-03T17:59:36+00:00\",\"dateModified\":\"2023-01-03T14:53:31+00:00\",\"breadcrumb\":{\"@id\":\"https:\/\/salsa.es\/en\/organisation-chart\/juan-angel-torres-cordoba\/#breadcrumb\"},\"inLanguage\":\"en-US\",\"potentialAction\":[{\"@type\":\"ReadAction\",\"target\":[\"https:\/\/salsa.es\/en\/organisation-chart\/juan-angel-torres-cordoba\/\"]}]},{\"@type\":\"ImageObject\",\"inLanguage\":\"en-US\",\"@id\":\"https:\/\/salsa.es\/en\/organisation-chart\/juan-angel-torres-cordoba\/#primaryimage\",\"url\":\"https:\/\/salsa.es\/wp-content\/uploads\/2022\/11\/Juan-Angel-Web_OK.jpg\",\"contentUrl\":\"https:\/\/salsa.es\/wp-content\/uploads\/2022\/11\/Juan-Angel-Web_OK.jpg\",\"width\":2848,\"height\":4272},{\"@type\":\"BreadcrumbList\",\"@id\":\"https:\/\/salsa.es\/en\/organisation-chart\/juan-angel-torres-cordoba\/#breadcrumb\",\"itemListElement\":[{\"@type\":\"ListItem\",\"position\":1,\"name\":\"Home\",\"item\":\"https:\/\/salsa.es\/en\/\"},{\"@type\":\"ListItem\",\"position\":2,\"name\":\"directivo\",\"item\":\"https:\/\/salsa.es\/tipo\/directivo\/\"},{\"@type\":\"ListItem\",\"position\":3,\"name\":\"Juan \u00c1ngel Torres C\u00f3rdoba\"}]},{\"@type\":\"WebSite\",\"@id\":\"https:\/\/salsa.es\/en\/#website\",\"url\":\"https:\/\/salsa.es\/en\/\",\"name\":\"Grupo Salsa\",\"description\":\"Holding empresarial desde 1994\",\"potentialAction\":[{\"@type\":\"SearchAction\",\"target\":{\"@type\":\"EntryPoint\",\"urlTemplate\":\"https:\/\/salsa.es\/en\/?s={search_term_string}\"},\"query-input\":{\"@type\":\"PropertyValueSpecification\",\"valueRequired\":true,\"valueName\":\"search_term_string\"}}],\"inLanguage\":\"en-US\"}]}<\/script>\n<!-- \/ Yoast SEO plugin. -->","yoast_head_json":{"title":"Juan \u00c1ngel Torres C\u00f3rdoba - Grupo Salsa","robots":{"index":"index","follow":"follow","max-snippet":"max-snippet:-1","max-image-preview":"max-image-preview:large","max-video-preview":"max-video-preview:-1"},"canonical":"https:\/\/salsa.es\/en\/organisation-chart\/juan-angel-torres-cordoba\/","og_locale":"en_US","og_type":"article","og_title":"Juan \u00c1ngel Torres C\u00f3rdoba - Grupo Salsa","og_description":"Managing Director of Business Degree in Law, University of C\u00f3rdoba. MBA Executive, San Telmo International Institute, Seville. Focused programme of Real estate business management, IESE Business School, Madrid. Advanced Course in Urban Planning, IPE, Seville.","og_url":"https:\/\/salsa.es\/en\/organisation-chart\/juan-angel-torres-cordoba\/","og_site_name":"Grupo Salsa","article_modified_time":"2023-01-03T14:53:31+00:00","og_image":[{"width":2848,"height":4272,"url":"https:\/\/salsa.es\/wp-content\/uploads\/2022\/11\/Juan-Angel-Web_OK.jpg","type":"image\/jpeg"}],"twitter_card":"summary_large_image","schema":{"@context":"https:\/\/schema.org","@graph":[{"@type":"WebPage","@id":"https:\/\/salsa.es\/en\/organisation-chart\/juan-angel-torres-cordoba\/","url":"https:\/\/salsa.es\/en\/organisation-chart\/juan-angel-torres-cordoba\/","name":"Juan \u00c1ngel Torres C\u00f3rdoba - Grupo Salsa","isPartOf":{"@id":"https:\/\/salsa.es\/en\/#website"},"primaryImageOfPage":{"@id":"https:\/\/salsa.es\/en\/organisation-chart\/juan-angel-torres-cordoba\/#primaryimage"},"image":{"@id":"https:\/\/salsa.es\/en\/organisation-chart\/juan-angel-torres-cordoba\/#primaryimage"},"thumbnailUrl":"https:\/\/salsa.es\/wp-content\/uploads\/2022\/11\/Juan-Angel-Web_OK.jpg","datePublished":"2022-11-03T17:59:36+00:00","dateModified":"2023-01-03T14:53:31+00:00","breadcrumb":{"@id":"https:\/\/salsa.es\/en\/organisation-chart\/juan-angel-torres-cordoba\/#breadcrumb"},"inLanguage":"en-US","potentialAction":[{"@type":"ReadAction","target":["https:\/\/salsa.es\/en\/organisation-chart\/juan-angel-torres-cordoba\/"]}]},{"@type":"ImageObject","inLanguage":"en-US","@id":"https:\/\/salsa.es\/en\/organisation-chart\/juan-angel-torres-cordoba\/#primaryimage","url":"https:\/\/salsa.es\/wp-content\/uploads\/2022\/11\/Juan-Angel-Web_OK.jpg","contentUrl":"https:\/\/salsa.es\/wp-content\/uploads\/2022\/11\/Juan-Angel-Web_OK.jpg","width":2848,"height":4272},{"@type":"BreadcrumbList","@id":"https:\/\/salsa.es\/en\/organisation-chart\/juan-angel-torres-cordoba\/#breadcrumb","itemListElement":[{"@type":"ListItem","position":1,"name":"Home","item":"https:\/\/salsa.es\/en\/"},{"@type":"ListItem","position":2,"name":"directivo","item":"https:\/\/salsa.es\/tipo\/directivo\/"},{"@type":"ListItem","position":3,"name":"Juan \u00c1ngel Torres C\u00f3rdoba"}]},{"@type":"WebSite","@id":"https:\/\/salsa.es\/en\/#website","url":"https:\/\/salsa.es\/en\/","name":"Grupo Salsa","description":"Holding empresarial desde 1994","potentialAction":[{"@type":"SearchAction","target":{"@type":"EntryPoint","urlTemplate":"https:\/\/salsa.es\/en\/?s={search_term_string}"},"query-input":{"@type":"PropertyValueSpecification","valueRequired":true,"valueName":"search_term_string"}}],"inLanguage":"en-US"}]}},"_links":{"self":[{"href":"https:\/\/salsa.es\/en\/wp-json\/wp\/v2\/organigrama\/2038","targetHints":{"allow":["GET"]}}],"collection":[{"href":"https:\/\/salsa.es\/en\/wp-json\/wp\/v2\/organigrama"}],"about":[{"href":"https:\/\/salsa.es\/en\/wp-json\/wp\/v2\/types\/organigrama"}],"version-history":[{"count":1,"href":"https:\/\/salsa.es\/en\/wp-json\/wp\/v2\/organigrama\/2038\/revisions"}],"predecessor-version":[{"id":2039,"href":"https:\/\/salsa.es\/en\/wp-json\/wp\/v2\/organigrama\/2038\/revisions\/2039"}],"wp:featuredmedia":[{"embeddable":true,"href":"https:\/\/salsa.es\/en\/wp-json\/wp\/v2\/media\/2405"}],"wp:attachment":[{"href":"https:\/\/salsa.es\/en\/wp-json\/wp\/v2\/media?parent=2038"}],"wp:term":[{"taxonomy":"tipo","embeddable":true,"href":"https:\/\/salsa.es\/en\/wp-json\/wp\/v2\/tipo?post=2038"}],"curies":[{"name":"wp","href":"https:\/\/api.w.org\/{rel}","templated":true}]}}

Juan Ángel Torres Córdoba

<h2 class="wp-block-heading">Managing Director of Business</h2>

<p>Degree in Law, University of Córdoba. MBA Executive, San Telmo International Institute, Seville. Focused programme of Real estate business management, IESE Business School, Madrid. Advanced Course in Urban Planning, IPE, Seville.</p>

<!-- This site is optimized with the Yoast SEO plugin v26.7 - https://yoast.com/wordpress/plugins/seo/ -->
<title>Juan Ángel Torres Córdoba - Grupo Salsa</title>
<meta name="robots" content="index, follow, max-snippet:-1, max-image-preview:large, max-video-preview:-1" />
<link rel="canonical" href="https://salsa.es/en/organisation-chart/juan-angel-torres-cordoba/" />
<meta property="og:locale" content="en_US" />
<meta property="og:type" content="article" />
<meta property="og:title" content="Juan Ángel Torres Córdoba - Grupo Salsa" />
<meta property="og:description" content="Managing Director of Business Degree in Law, University of Córdoba. MBA Executive, San Telmo International Institute, Seville. Focused programme of Real estate business management, IESE Business School, Madrid. Advanced Course in Urban Planning, IPE, Seville." />
<meta property="og:url" content="https://salsa.es/en/organisation-chart/juan-angel-torres-cordoba/" />
<meta property="og:site_name" content="Grupo Salsa" />
<meta property="article:modified_time" content="2023-01-03T14:53:31+00:00" />
<meta property="og:image" content="https://salsa.es/wp-content/uploads/2022/11/Juan-Angel-Web_OK.jpg" />
	<meta property="og:image:width" content="2848" />
	<meta property="og:image:height" content="4272" />
	<meta property="og:image:type" content="image/jpeg" />
<meta name="twitter:card" content="summary_large_image" />
<script type="application/ld+json" class="yoast-schema-graph">{"@context":"https://schema.org","@graph":[{"@type":"WebPage","@id":"https://salsa.es/en/organisation-chart/juan-angel-torres-cordoba/","url":"https://salsa.es/en/organisation-chart/juan-angel-torres-cordoba/","name":"Juan Ángel Torres Córdoba - Grupo Salsa","isPartOf":{"@id":"https://salsa.es/en/#website"},"primaryImageOfPage":{"@id":"https://salsa.es/en/organisation-chart/juan-angel-torres-cordoba/#primaryimage"},"image":{"@id":"https://salsa.es/en/organisation-chart/juan-angel-torres-cordoba/#primaryimage"},"thumbnailUrl":"https://salsa.es/wp-content/uploads/2022/11/Juan-Angel-Web_OK.jpg","datePublished":"2022-11-03T17:59:36+00:00","dateModified":"2023-01-03T14:53:31+00:00","breadcrumb":{"@id":"https://salsa.es/en/organisation-chart/juan-angel-torres-cordoba/#breadcrumb"},"inLanguage":"en-US","potentialAction":[{"@type":"ReadAction","target":["https://salsa.es/en/organisation-chart/juan-angel-torres-cordoba/"]}]},{"@type":"ImageObject","inLanguage":"en-US","@id":"https://salsa.es/en/organisation-chart/juan-angel-torres-cordoba/#primaryimage","url":"https://salsa.es/wp-content/uploads/2022/11/Juan-Angel-Web_OK.jpg","contentUrl":"https://salsa.es/wp-content/uploads/2022/11/Juan-Angel-Web_OK.jpg","width":2848,"height":4272},{"@type":"BreadcrumbList","@id":"https://salsa.es/en/organisation-chart/juan-angel-torres-cordoba/#breadcrumb","itemListElement":[{"@type":"ListItem","position":1,"name":"Home","item":"https://salsa.es/en/"},{"@type":"ListItem","position":2,"name":"directivo","item":"https://salsa.es/tipo/directivo/"},{"@type":"ListItem","position":3,"name":"Juan Ángel Torres Córdoba"}]},{"@type":"WebSite","@id":"https://salsa.es/en/#website","url":"https://salsa.es/en/","name":"Grupo Salsa","description":"Holding empresarial desde 1994","potentialAction":[{"@type":"SearchAction","target":{"@type":"EntryPoint","urlTemplate":"https://salsa.es/en/?s={search_term_string}"},"query-input":{"@type":"PropertyValueSpecification","valueRequired":true,"valueName":"search_term_string"}}],"inLanguage":"en-US"}]}</script>
<!-- / Yoast SEO plugin. -->

Juan Ángel Torres Córdoba - Grupo Salsa

Managing Director of Business Degree in Law, University of Córdoba. MBA Executive, San Telmo International Institute, Seville. Focused programme of Real estate business management, IESE Business School, Madrid. Advanced Course in Urban Planning, IPE, Seville.
